posite?
True
Is 10633679 composite?
True
Is 4953973 a prime number?
True
Is 376644419 prime?
False
Is 76695689 a composite number?
True
Is 12731137 composite?
True
Is 138729667 a composite number?
False
Is 25889 a composite number?
False
Is 539039 a composite number?
False
Is 18366133 a composite number?
False
Is 1532471 prime?
True
Is 390587 a prime number?
False
Is 547093541 a composite number?
True
Is 191 a composite number?
False
Is 530513 composite?
False
Is 21218143 a composite number?
False
Is 171303421 a composite number?
True
Is 211460077 a prime number?
True
Is 404961241 prime?
False
Is 11549333 composite?
False
Is 2980153 composite?
True
Is 2134399 prime?
True
Is 19045687 composite?
True
Is 52371619 a prime number?
False
Is 2291833 composite?
True
Is 26451737 prime?
False
Is 27910969 a composite number?
True
Is 276509 composite?
True
Is 4572701 a composite number?
True
Is 1483861 prime?
True
Is 2188419 a prime number?
False
Is 18375677 prime?
True
Is 4384469 prime?
True
Is 8461501 a prime number?
False
Is 117582802 composite?
True
Is 3155129 a composite number?
True
Is 199009 a composite number?
True
Is 2765573 a composite number?
True
Is 182943815 prime?
False
Is 27371291 composite?
False
Is 549611 a prime number?
False
Is 11648713 prime?
True
Is 3569141 prime?
False
Is 3262897 composite?
True
Is 20389417 composite?
False
Is 123674377 a composite number?
True
Is 150338029 prime?
True
Is 4730173 prime?
False
Is 4614023 composite?
True
Is 2378999845 a prime number?
False
Is 195549191 composite?
False
Is 9116291 prime?
False
Is 11659517 prime?
False
Is 3360939 prime?
False
Is 339151427 a prime number?
True
Is 25207837 prime?
False
Is 1425553 a composite number?
True
Is 2083283 composite?
False
Is 25432397 a prime number?
False
Is 52549583 a composite number?
True
Is 15718277 composite?
False
Is 250055423 composite?
True
Is 16219767 composite?
True
Is 888586321 a prime number?
False
Is 4564247 a composite number?
False
Is 13509091 a composite number?
False
Is 25235369 a composite number?
True
Is 80066667 composite?
True
Is 3752183 a prime number?
True
Is 1091429 a prime number?
False
Is 130506707 a composite number?
False
Is 15334621 composite?
False
Is 58183693 prime?
True
Is 6098663 prime?
True
Is 16771345 composite?
True
Is 196180037 a composite number?
False
Is 1351079 a composite number?
False
Is 4624637 composite?
False
Is 19939307 prime?
True
Is 12192347 composite?
True
Is 9748153 prime?
True
Is 13525567 a prime number?
False
Is 23631911 composite?
False
Is 1216681 a prime number?
True
Is 1467887 a composite number?
False
Is 206029 prime?
False
Is 9097321 a prime number?
False
Is 13635187 prime?
True
Is 219919943 a composite number?
False
Is 1702027 composite?
True
Is 1682687 prime?
False
Is 1916939 a composite number?
False
Is 2247559 composite?
False
Is 459209 a composite number?
False
Is 2228801 prime?
False
Is 193094431 prime?
True
Is 8072087 composite?
False
Is 5150513 composite?
False
Is 9066877 a prime number?
True
Is 5918819 a composite number?
True
Is 708097 a composite number?
True
Is 8582467 a prime number?
False
Is 7930229 a composite number?
False
Is 1558973 prime?
False
Is 6712903 a composite number?
False
Is 163493621 composite?
False
Is 2837453 prime?
False
Is 45937321 a composite number?
True
Is 18494279 composite?
False
Is 773363 a prime number?
True
Is 49648061 a prime number?
True
Is 1260419 a prime number?
True
Is 103067291 composite?
False
Is 150670937 prime?
False
Is 285897917 prime?
True
Is 5262019 composite?
True
Is 3698311 composite?
False
Is 88446403 a prime number?
True
Is 15283241 a composite number?
False
Is 1051155583 a composite number?
True
Is 421151 a composite number?
True
Is 2500763 composite?
True
Is 522037 prime?
True
Is 2395909 composite?
True
Is 3355933 prime?
False
Is 3455791 a prime number?
True
Is 3642883 a prime number?
True
Is 16347061 a prime number?
True
Is 47457757 a prime number?
True
Is 409906613 prime?
False
Is 349331383 composite?
True
Is 282660783 a composite number?
True
Is 19572599 prime?
True
Is 90737951 prime?
True
Is 4937551 a composite number?
False
Is 28330963 a prime number?
False
Is 55742377 prime?
True
Is 286473667 a prime number?
True
Is 990421 composite?
True
Is 2194183 a composite number?
True
Is 439223 prime?
False
Is 2913793 a composite number?
True
Is 12078611 a prime number?
False
Is 6463599 a prime number?
False
Is 1901219 prime?
True
Is 197339 prime?
True
Is 1831861 a prime number?
True
Is 1003817 composite?
False
Is 41157163 composite?
True
Is 5887867 a prime number?
True
Is 1234129 prime?
False
Is 9631273 a prime number?
False
Is 951885197 composite?
False
Is 24909047 a composite number?
True
Is 1000273 a composite number?
False
Is 4409333 a prime number?
True
Is 50278847 prime?
True
Is 127369777 a composite number?
True
Is 8595409 prime?
True
Is 6999823 a prime number?
True
Is 13521791 a composite number?
False
Is 2446747 a prime number?
True
Is 299302259 a prime number?
True
Is 76487989 prime?
True
Is 445285649 a prime number?
True
Is 5024033 a composite number?
True
Is 240719489 prime?
True
Is 10847393 a composite number?
False
Is 4384769 composite?
False
Is 1661491 a composite number?
True
Is 5782342 prime?
False
Is 15807451 a composite number?
True
Is 1876907 a composite number?
True
Is 1547519 a composite number?
False
Is 1777121 a prime number?
True
Is 10010573 a prime number?
True
Is 2556313 a prime number?
False
Is 11031821 composite?
False
Is 1219403 prime?
False
Is 183926603 a composite number?
True
Is 960151 composite?
False
Is 461656801 a composite number?
False
Is 13158961 a prime number?
True
Is 30868477 a composite number?
True
Is 674077 a composite number?
True
Is 142987699 prime?
True
Is 4676941 prime?
True
Is 172389541 a prime number?
True
Is 294221983 prime?
False
Is 15115289 a prime number?
False
Is 218039519 prime?
True
Is 27356666 a prime number?
False
Is 9991433 prime?
True
Is 10133609 prime?
True
Is 724771 a prime number?
False
Is 642377447 prime?
True
Is 6552373 a prime number?
True
Is 346793 composite?
False
Is 3788563 prime?
True
Is 5689087 prime?
True
Is 2995603 a composite number?
True
Is 26842921 composite?
True
Is 5767655 prime?
False
Is 319122789 a composite number?
True
Is 52022857 a composite number?
False
Is 101697811 a prime number?
True
Is 11600291 a prime number?
True
Is 5254643 prime?
False
Is 2356890703 a composite number?
False
Is 2661251 a composite number?
False
Is 3327263 a prime number?
False
Is 25931179 a composite number?
True
Is 165779 composite?
False
Is 3405853 composite?
True
Is 7518473 a prime number?
True
Is 18334417 a prime number?
True
Is 186418499 a composite number?
False
Is 2256433 a composite number?
True
Is 1703947 composite?
True
Is 211126733 a composite number?
False
Is 19157711 a composite number?
False
Is 3891131 a composite number?
False
Is 1493351 prime?
False
Is 401473 composite?
False
Is 5180341 prime?
True
Is 7596431 a prime number?
True
Is 81119001 composite?
True
Is 118101257 composite?
False
Is 21361361 a composite number?
True
Is 1789291 a prime number?
False
Is 47794137 a composite number?
True
Is 131465927 composite?
False
Is 39801049 a prime number?
False
Is 2317433 a prime number?
True
Is 379653 prime?
False
Is 50062069 composite?
False
Is 7173541 composite?
True
Is 750871 composite?
True
Is 1225234199 a composite number?
True
Is 4708267 composite?
False
Is 155125643 a prime number?
False
Is 68336819 a prime number?
True
Is 45189649 a prime number?
False
Is 7298827 prime?
True
Is 12295 a prime number?
False
Is 68936201 a prime number?
True
Is 7026161 composite?
True
Is 2096931 a prime number?
False
Is 37191655 prime?
False
Is 2405237 composite?
True
Is 57360559 composite?
False
Is 60399071 a composite number?
False
Is 60315719 a prime number?
True
Is 220730834 composite?
True
Is 221270549 prime?
True
Is 12144943 composite?
True
Is 26424301 a composite number?
True
Is 15537931 a composite number?
False
Is 4836971 a prime number?
True
Is 40059417 prime?
False
Is 5650811 a prime number?
True
Is 22697707 composite?
False
Is 5073821 prime?
True
Is 40101 a prime number?
False
Is 533616313 a prime number?
True
Is 4286983 a prime number?
False
Is 64630385 a composite number?
True
Is